{"id":178,"date":"2026-03-02T21:50:09","date_gmt":"2026-03-02T20:50:09","guid":{"rendered":"https:\/\/marlinfotografia.pl\/?page_id=178"},"modified":"2026-03-12T15:32:45","modified_gmt":"2026-03-12T14:32:45","slug":"o-mnie","status":"publish","type":"page","link":"https:\/\/marlinfotografia.pl\/?page_id=178","title":{"rendered":"O mnie"},"content":{"rendered":"\t\t<div data-elementor-type=\"wp-page\" data-elementor-id=\"178\" class=\"elementor elementor-178\" data-elementor-post-type=\"page\">\n\t\t\t\t<div data-particle_enable=\"false\" data-particle-mobile-disabled=\"false\" class=\"elementor-element elementor-element-7e2ee0e0 e-flex e-con-boxed e-con e-parent\" data-id=\"7e2ee0e0\" data-element_type=\"container\" data-e-type=\"container\" data-settings=\"{&quot;background_background&quot;:&quot;classic&quot;}\">\n\t\t\t\t\t<div class=\"e-con-inner\">\n\t\t<div data-particle_enable=\"false\" data-particle-mobile-disabled=\"false\" class=\"elementor-element elementor-element-16cfbf8f e-con-full e-flex e-con e-child\" data-id=\"16cfbf8f\" data-element_type=\"container\" data-e-type=\"container\">\n\t\t\t\t<div class=\"elementor-element elementor-element-2dd0cf6f elementor-widget elementor-widget-icon-box\" data-id=\"2dd0cf6f\" data-element_type=\"widget\" data-e-type=\"widget\" data-widget_type=\"icon-box.default\">\n\t\t\t\t\t\t\t<div class=\"elementor-icon-box-wrapper\">\n\n\t\t\t\n\t\t\t\t\t\t<div class=\"elementor-icon-box-content\">\n\n\t\t\t\t\t\t\t\t\t<h1 class=\"elementor-icon-box-title\">\n\t\t\t\t\t\t<span  >\n\t\t\t\t\t\t\tMartyna Lindebna\t\t\t\t\t\t<\/span>\n\t\t\t\t\t<\/h1>\n\t\t\t\t\n\t\t\t\t\t\t\t\t\t<p class=\"elementor-icon-box-description\">\n\t\t\t\t\t\tJestem fotografem, kt\u00f3ry lubi ludzi i z pasj\u0105 zatrzymuje na zdj\u0119ciach prawdziwe emocje.\t\t\t\t\t<\/p>\n\t\t\t\t\n\t\t\t<\/div>\n\t\t\t\n\t\t<\/div>\n\t\t\t\t\t\t<\/div>\n\t\t\t\t<\/div>\n\t\t\t\t\t<\/div>\n\t\t\t\t<\/div>\n\t\t<div data-particle_enable=\"false\" data-particle-mobile-disabled=\"false\" class=\"elementor-element elementor-element-32892d3d e-flex e-con-boxed e-con e-parent\" data-id=\"32892d3d\" data-element_type=\"container\" data-e-type=\"container\">\n\t\t\t\t\t<div class=\"e-con-inner\">\n\t\t<div data-particle_enable=\"false\" data-particle-mobile-disabled=\"false\" class=\"elementor-element elementor-element-611b4daa e-con-full e-flex e-con e-child\" data-id=\"611b4daa\" data-element_type=\"container\" data-e-type=\"container\" data-settings=\"{&quot;background_background&quot;:&quot;classic&quot;}\">\n\t\t\t\t<\/div>\n\t\t<div data-particle_enable=\"false\" data-particle-mobile-disabled=\"false\" class=\"elementor-element elementor-element-3805f1c5 e-con-full e-flex e-con e-child\" data-id=\"3805f1c5\" data-element_type=\"container\" data-e-type=\"container\">\n\t\t\t\t<div class=\"elementor-element elementor-element-5bba96b0 elementor-widget elementor-widget-icon-box\" data-id=\"5bba96b0\" data-element_type=\"widget\" data-e-type=\"widget\" data-widget_type=\"icon-box.default\">\n\t\t\t\t\t\t\t<div class=\"elementor-icon-box-wrapper\">\n\n\t\t\t\n\t\t\t\t\t\t<div class=\"elementor-icon-box-content\">\n\n\t\t\t\t\n\t\t\t\t\t\t\t\t\t<p class=\"elementor-icon-box-description\">\n\t\t\t\t\t\tCze\u015b\u0107, mam na imi\u0119 Martyna. Fotografi\u0105 zajmuj\u0119 si\u0119 od najm\u0142odszych lat \u2013 zaczyna\u0142am na aparatach analogowych, kt\u00f3re towarzysz\u0105 mi do dzi\u015b. Uko\u0144czy\u0142am szko\u0142\u0119 o profilu fotograficznym oraz jestem laureatk\u0105 og\u00f3lnopolskich konkurs\u00f3w fotograficznych, mi\u0119dzy innymi \u201eSzeroki Kadr\u201d. W swojej pracy \u0142\u0105cz\u0119 wra\u017cliwo\u015b\u0107, estetyk\u0119 i uwa\u017cno\u015b\u0107 na emocje, dzi\u0119ki czemu powstaj\u0105 kadry pe\u0142ne autentyczno\u015bci, \u015bwiat\u0142a i wyj\u0105tkowej atmosfery.\n\nSpecjalizuj\u0119 si\u0119 przede wszystkim w fotografii \u015blubnej, bo to w\u0142a\u015bnie tam kryj\u0105 si\u0119 najpi\u0119kniejsze historie, prawdziwe wzruszenia i momenty, do kt\u00f3rych wraca si\u0119 przez ca\u0142e \u017cycie. Opr\u00f3cz \u015blub\u00f3w realizuj\u0119 tak\u017ce reporta\u017ce z chrzt\u00f3w, komunii, sesje rodzinne, kobiece oraz inne wa\u017cne wydarzenia. Tworz\u0119 zdj\u0119cia, kt\u00f3re nie tylko dokumentuj\u0105 chwile, ale przede wszystkim opowiadaj\u0105 histori\u0119 ludzi, relacji i emocji.\n\nZale\u017cy mi na tym, aby ka\u017cda osoba przed moim obiektywem czu\u0142a si\u0119 swobodnie, komfortowo i po prostu wyj\u0105tkowo. Jestem spokojna, uwa\u017cna i bardzo otwarta na ludzi, dlatego dbam nie tylko o efekt ko\u0144cowy, ale r\u00f3wnie\u017c o atmosfer\u0119 podczas ca\u0142ej wsp\u00f3\u0142pracy. Wierz\u0119, \u017ce luksus w fotografii nie polega wy\u0142\u0105cznie na pi\u0119knych kadrach, ale tak\u017ce na do\u015bwiadczeniu, kt\u00f3re pozostawia po sobie spok\u00f3j, zaufanie i poczucie, \u017ce oddajesz swoj\u0105 histori\u0119 we w\u0142a\u015bciwe r\u0119ce.\n\nB\u0105d\u017acie sob\u0105, a ja zajm\u0119 si\u0119 reszt\u0105.\t\t\t\t\t<\/p>\n\t\t\t\t\n\t\t\t<\/div>\n\t\t\t\n\t\t<\/div>\n\t\t\t\t\t\t<\/div>\n\t\t\t\t<\/div>\n\t\t\t\t\t<\/div>\n\t\t\t\t<\/div>\n\t\t<div data-particle_enable=\"false\" data-particle-mobile-disabled=\"false\" class=\"elementor-element elementor-element-5189977a e-flex e-con-boxed e-con e-parent\" data-id=\"5189977a\" data-element_type=\"container\" data-e-type=\"container\" data-settings=\"{&quot;background_background&quot;:&quot;classic&quot;}\">\n\t\t\t\t\t<div class=\"e-con-inner\">\n\t\t\t\t<div class=\"elementor-element elementor-element-53ce85ae elementor-widget elementor-widget-heading\" data-id=\"53ce85ae\" data-element_type=\"widget\" data-e-type=\"widget\" data-widget_type=\"heading.default\">\n\t\t\t\t\t<h2 class=\"elementor-heading-title elementor-size-default\">Wyr\u00f3\u017cnione prace<\/h2>\t\t\t\t<\/div>\n\t\t\t\t<div class=\"elementor-element elementor-element-1e37a346 elementor-widget elementor-widget-gallery\" data-id=\"1e37a346\" data-element_type=\"widget\" data-e-type=\"widget\" data-settings=\"{&quot;gallery_layout&quot;:&quot;justified&quot;,&quot;ideal_row_height&quot;:{&quot;unit&quot;:&quot;px&quot;,&quot;size&quot;:248,&quot;sizes&quot;:[]},&quot;gap&quot;:{&quot;unit&quot;:&quot;px&quot;,&quot;size&quot;:8,&quot;sizes&quot;:[]},&quot;image_hover_animation&quot;:&quot;grow&quot;,&quot;ideal_row_height_mobile&quot;:{&quot;unit&quot;:&quot;px&quot;,&quot;size&quot;:100,&quot;sizes&quot;:[]},&quot;ideal_row_height_tablet&quot;:{&quot;unit&quot;:&quot;px&quot;,&quot;size&quot;:160,&quot;sizes&quot;:[]},&quot;gap_tablet&quot;:{&quot;unit&quot;:&quot;px&quot;,&quot;size&quot;:8,&quot;sizes&quot;:[]},&quot;gap_mobile&quot;:{&quot;unit&quot;:&quot;px&quot;,&quot;size&quot;:4,&quot;sizes&quot;:[]},&quot;lazyload&quot;:&quot;yes&quot;,&quot;ideal_row_height_laptop&quot;:{&quot;unit&quot;:&quot;px&quot;,&quot;size&quot;:150,&quot;sizes&quot;:[]},&quot;gap_laptop&quot;:{&quot;unit&quot;:&quot;px&quot;,&quot;size&quot;:10,&quot;sizes&quot;:[]},&quot;link_to&quot;:&quot;file&quot;,&quot;content_hover_animation&quot;:&quot;fade-in&quot;}\" data-widget_type=\"gallery.default\">\n\t\t\t\t\t\t\t<div class=\"elementor-gallery__container\">\n\t\t\t\t\t\t\t<a class=\"e-gallery-item elementor-gallery-item elementor-animated-content\" href=\"https:\/\/marlinfotografia.pl\/wp-content\/uploads\/2026\/02\/portrait-of-fashion-model-black-painting-face-make-up-.jpg\" data-elementor-open-lightbox=\"yes\" data-elementor-lightbox-slideshow=\"1e37a346\" data-e-action-hash=\"#elementor-action%3Aaction%3Dlightbox%26settings%3DeyJpZCI6MjcsInVybCI6Imh0dHBzOlwvXC9tYXJsaW5mb3RvZ3JhZmlhLnBsXC93cC1jb250ZW50XC91cGxvYWRzXC8yMDI2XC8wMlwvcG9ydHJhaXQtb2YtZmFzaGlvbi1tb2RlbC1ibGFjay1wYWludGluZy1mYWNlLW1ha2UtdXAtLmpwZyIsInNsaWRlc2hvdyI6IjFlMzdhMzQ2In0%3D\">\n\t\t\t\t\t<div class=\"e-gallery-image elementor-gallery-item__image\" data-thumbnail=\"https:\/\/marlinfotografia.pl\/wp-content\/uploads\/2026\/02\/portrait-of-fashion-model-black-painting-face-make-up--768x1061.jpg\" data-width=\"768\" data-height=\"1061\" aria-label=\"\" role=\"img\" ><\/div>\n\t\t\t\t\t\t\t\t\t\t\t\t\t\t<\/a>\n\t\t\t\t\t\t\t<a class=\"e-gallery-item elementor-gallery-item elementor-animated-content\" href=\"https:\/\/marlinfotografia.pl\/wp-content\/uploads\/2026\/02\/beautiful-couple-spend-time-in-a-autumn-field-2.jpg\" data-elementor-open-lightbox=\"yes\" data-elementor-lightbox-slideshow=\"1e37a346\" data-e-action-hash=\"#elementor-action%3Aaction%3Dlightbox%26settings%3DeyJpZCI6MzIsInVybCI6Imh0dHBzOlwvXC9tYXJsaW5mb3RvZ3JhZmlhLnBsXC93cC1jb250ZW50XC91cGxvYWRzXC8yMDI2XC8wMlwvYmVhdXRpZnVsLWNvdXBsZS1zcGVuZC10aW1lLWluLWEtYXV0dW1uLWZpZWxkLTIuanBnIiwic2xpZGVzaG93IjoiMWUzN2EzNDYifQ%3D%3D\">\n\t\t\t\t\t<div class=\"e-gallery-image elementor-gallery-item__image\" data-thumbnail=\"https:\/\/marlinfotografia.pl\/wp-content\/uploads\/2026\/02\/beautiful-couple-spend-time-in-a-autumn-field-2-768x512.jpg\" data-width=\"768\" data-height=\"512\" aria-label=\"\" role=\"img\" ><\/div>\n\t\t\t\t\t\t\t\t\t\t\t\t\t\t<\/a>\n\t\t\t\t\t\t\t<a class=\"e-gallery-item elementor-gallery-item elementor-animated-content\" href=\"https:\/\/marlinfotografia.pl\/wp-content\/uploads\/2026\/02\/fashion-model-model-with-a-long-curly-hair-creative-hairstyle-.jpg\" data-elementor-open-lightbox=\"yes\" data-elementor-lightbox-slideshow=\"1e37a346\" data-e-action-hash=\"#elementor-action%3Aaction%3Dlightbox%26settings%3DeyJpZCI6MzQsInVybCI6Imh0dHBzOlwvXC9tYXJsaW5mb3RvZ3JhZmlhLnBsXC93cC1jb250ZW50XC91cGxvYWRzXC8yMDI2XC8wMlwvZmFzaGlvbi1tb2RlbC1tb2RlbC13aXRoLWEtbG9uZy1jdXJseS1oYWlyLWNyZWF0aXZlLWhhaXJzdHlsZS0uanBnIiwic2xpZGVzaG93IjoiMWUzN2EzNDYifQ%3D%3D\">\n\t\t\t\t\t<div class=\"e-gallery-image elementor-gallery-item__image\" data-thumbnail=\"https:\/\/marlinfotografia.pl\/wp-content\/uploads\/2026\/02\/fashion-model-model-with-a-long-curly-hair-creative-hairstyle--768x768.jpg\" data-width=\"768\" data-height=\"768\" aria-label=\"\" role=\"img\" ><\/div>\n\t\t\t\t\t\t\t\t\t\t\t\t\t\t<\/a>\n\t\t\t\t\t\t\t<a class=\"e-gallery-item elementor-gallery-item elementor-animated-content\" href=\"https:\/\/marlinfotografia.pl\/wp-content\/uploads\/2026\/02\/beautiful-young-couple-posing-on-camera-indoors.jpg\" data-elementor-open-lightbox=\"yes\" data-elementor-lightbox-slideshow=\"1e37a346\" data-e-action-hash=\"#elementor-action%3Aaction%3Dlightbox%26settings%3DeyJpZCI6MjIsInVybCI6Imh0dHBzOlwvXC9tYXJsaW5mb3RvZ3JhZmlhLnBsXC93cC1jb250ZW50XC91cGxvYWRzXC8yMDI2XC8wMlwvYmVhdXRpZnVsLXlvdW5nLWNvdXBsZS1wb3Npbmctb24tY2FtZXJhLWluZG9vcnMuanBnIiwic2xpZGVzaG93IjoiMWUzN2EzNDYifQ%3D%3D\">\n\t\t\t\t\t<div class=\"e-gallery-image elementor-gallery-item__image\" data-thumbnail=\"https:\/\/marlinfotografia.pl\/wp-content\/uploads\/2026\/02\/beautiful-young-couple-posing-on-camera-indoors-768x512.jpg\" data-width=\"768\" data-height=\"512\" aria-label=\"\" role=\"img\" ><\/div>\n\t\t\t\t\t\t\t\t\t\t\t\t\t\t<\/a>\n\t\t\t\t\t\t\t<a class=\"e-gallery-item elementor-gallery-item elementor-animated-content\" href=\"https:\/\/marlinfotografia.pl\/wp-content\/uploads\/2026\/02\/sexy-naked-tribal-afro-couple-posing-on-beige.jpg\" data-elementor-open-lightbox=\"yes\" data-elementor-lightbox-slideshow=\"1e37a346\" data-e-action-hash=\"#elementor-action%3Aaction%3Dlightbox%26settings%3DeyJpZCI6NTAsInVybCI6Imh0dHBzOlwvXC9tYXJsaW5mb3RvZ3JhZmlhLnBsXC93cC1jb250ZW50XC91cGxvYWRzXC8yMDI2XC8wMlwvc2V4eS1uYWtlZC10cmliYWwtYWZyby1jb3VwbGUtcG9zaW5nLW9uLWJlaWdlLmpwZyIsInNsaWRlc2hvdyI6IjFlMzdhMzQ2In0%3D\">\n\t\t\t\t\t<div class=\"e-gallery-image elementor-gallery-item__image\" data-thumbnail=\"https:\/\/marlinfotografia.pl\/wp-content\/uploads\/2026\/02\/sexy-naked-tribal-afro-couple-posing-on-beige-768x512.jpg\" data-width=\"768\" data-height=\"512\" aria-label=\"\" role=\"img\" ><\/div>\n\t\t\t\t\t\t\t\t\t\t\t\t\t\t<\/a>\n\t\t\t\t\t\t\t<a class=\"e-gallery-item elementor-gallery-item elementor-animated-content\" href=\"https:\/\/marlinfotografia.pl\/wp-content\/uploads\/2026\/02\/attractive-woman-with-flowers-on-face-looking-at-bottle-of-perfume-isolated-on-beige.jpg\" data-elementor-open-lightbox=\"yes\" data-elementor-lightbox-slideshow=\"1e37a346\" data-e-action-hash=\"#elementor-action%3Aaction%3Dlightbox%26settings%3DeyJpZCI6NTEsInVybCI6Imh0dHBzOlwvXC9tYXJsaW5mb3RvZ3JhZmlhLnBsXC93cC1jb250ZW50XC91cGxvYWRzXC8yMDI2XC8wMlwvYXR0cmFjdGl2ZS13b21hbi13aXRoLWZsb3dlcnMtb24tZmFjZS1sb29raW5nLWF0LWJvdHRsZS1vZi1wZXJmdW1lLWlzb2xhdGVkLW9uLWJlaWdlLmpwZyIsInNsaWRlc2hvdyI6IjFlMzdhMzQ2In0%3D\">\n\t\t\t\t\t<div class=\"e-gallery-image elementor-gallery-item__image\" data-thumbnail=\"https:\/\/marlinfotografia.pl\/wp-content\/uploads\/2026\/02\/attractive-woman-with-flowers-on-face-looking-at-bottle-of-perfume-isolated-on-beige-768x512.jpg\" data-width=\"768\" data-height=\"512\" aria-label=\"\" role=\"img\" ><\/div>\n\t\t\t\t\t\t\t\t\t\t\t\t\t\t<\/a>\n\t\t\t\t\t\t\t<a class=\"e-gallery-item elementor-gallery-item elementor-animated-content\" href=\"https:\/\/marlinfotografia.pl\/wp-content\/uploads\/2026\/02\/cute-couple-in-a-jeans-clothes-in-a-spring-field.jpg\" data-elementor-open-lightbox=\"yes\" data-elementor-lightbox-slideshow=\"1e37a346\" data-e-action-hash=\"#elementor-action%3Aaction%3Dlightbox%26settings%3DeyJpZCI6MjgsInVybCI6Imh0dHBzOlwvXC9tYXJsaW5mb3RvZ3JhZmlhLnBsXC93cC1jb250ZW50XC91cGxvYWRzXC8yMDI2XC8wMlwvY3V0ZS1jb3VwbGUtaW4tYS1qZWFucy1jbG90aGVzLWluLWEtc3ByaW5nLWZpZWxkLmpwZyIsInNsaWRlc2hvdyI6IjFlMzdhMzQ2In0%3D\">\n\t\t\t\t\t<div class=\"e-gallery-image elementor-gallery-item__image\" data-thumbnail=\"https:\/\/marlinfotografia.pl\/wp-content\/uploads\/2026\/02\/cute-couple-in-a-jeans-clothes-in-a-spring-field-768x512.jpg\" data-width=\"768\" data-height=\"512\" aria-label=\"\" role=\"img\" ><\/div>\n\t\t\t\t\t\t\t\t\t\t\t\t\t\t<\/a>\n\t\t\t\t\t<\/div>\n\t\t\t\t\t<\/div>\n\t\t\t\t\t<\/div>\n\t\t\t\t<\/div>\n\t\t<div data-particle_enable=\"false\" data-particle-mobile-disabled=\"false\" class=\"elementor-element elementor-element-6181458c e-flex e-con-boxed e-con e-parent\" data-id=\"6181458c\" data-element_type=\"container\" data-e-type=\"container\">\n\t\t\t\t\t<div class=\"e-con-inner\">\n\t\t\t\t<div class=\"elementor-element elementor-element-6114236b elementor-widget__width-initial elementor-widget-tablet__width-inherit elementor-widget elementor-widget-icon-box\" data-id=\"6114236b\" data-element_type=\"widget\" data-e-type=\"widget\" data-widget_type=\"icon-box.default\">\n\t\t\t\t\t\t\t<div class=\"elementor-icon-box-wrapper\">\n\n\t\t\t\n\t\t\t\t\t\t<div class=\"elementor-icon-box-content\">\n\n\t\t\t\t\t\t\t\t\t<h2 class=\"elementor-icon-box-title\">\n\t\t\t\t\t\t<span  >\n\t\t\t\t\t\t\tDlaczego warto mnie wybra\u0107?\t\t\t\t\t\t<\/span>\n\t\t\t\t\t<\/h2>\n\t\t\t\t\n\t\t\t\t\t\t\t\t\t<p class=\"elementor-icon-box-description\">\n\t\t\t\t\t\tUwieczniam chwil\u0119 z dok\u0142adno\u015bci\u0105 i kreatywno\u015bci\u0105 \u2013 bo ka\u017cde wspomnienie zas\u0142uguje na perfekcj\u0119.\n\t\t\t\t\t<\/p>\n\t\t\t\t\n\t\t\t<\/div>\n\t\t\t\n\t\t<\/div>\n\t\t\t\t\t\t<\/div>\n\t\t<div data-particle_enable=\"false\" data-particle-mobile-disabled=\"false\" class=\"elementor-element elementor-element-70582354 e-con-full e-grid e-con e-child\" data-id=\"70582354\" data-element_type=\"container\" data-e-type=\"container\">\n\t\t\t\t<div class=\"elementor-element elementor-element-33ca6fe elementor-view-default elementor-position-block-start elementor-mobile-position-block-start elementor-invisible elementor-widget elementor-widget-icon-box\" data-id=\"33ca6fe\" data-element_type=\"widget\" data-e-type=\"widget\" data-settings=\"{&quot;_animation&quot;:&quot;fadeInUp&quot;,&quot;_animation_delay&quot;:100}\" data-widget_type=\"icon-box.default\">\n\t\t\t\t\t\t\t<div class=\"elementor-icon-box-wrapper\">\n\n\t\t\t\t\t\t<div class=\"elementor-icon-box-icon\">\n\t\t\t\t<span  class=\"elementor-icon\">\n\t\t\t\t<svg aria-hidden=\"true\" class=\"e-font-icon-svg e-fas-peace\" viewBox=\"0 0 496 512\" xmlns=\"http:\/\/www.w3.org\/2000\/svg\"><path d=\"M248 8C111.03 8 0 119.03 0 256s111.03 248 248 248 248-111.03 248-248S384.97 8 248 8zm184 248c0 31.93-8.2 61.97-22.57 88.17L280 240.63V74.97c86.23 15.21 152 90.5 152 181.03zM216 437.03c-33.86-5.97-64.49-21.2-89.29-43.02L216 322.57v114.46zm64-114.46L369.29 394c-24.8 21.82-55.43 37.05-89.29 43.02V322.57zm-64-247.6v165.66L86.57 344.17C72.2 317.97 64 287.93 64 256c0-90.53 65.77-165.82 152-181.03z\"><\/path><\/svg>\t\t\t\t<\/span>\n\t\t\t<\/div>\n\t\t\t\n\t\t\t\t\t\t<div class=\"elementor-icon-box-content\">\n\n\t\t\t\t\t\t\t\t\t<h3 class=\"elementor-icon-box-title\">\n\t\t\t\t\t\t<span  >\n\t\t\t\t\t\t\tEmpatia i swobodna atmosfera\t\t\t\t\t\t<\/span>\n\t\t\t\t\t<\/h3>\n\t\t\t\t\n\t\t\t\t\t\t\t\t\t<p class=\"elementor-icon-box-description\">\n\t\t\t\t\t\tDzi\u0119ki mojemu spokojowi i otwarto\u015bci na ludzi zapomnicie o stresie. Dbam o to, aby\u015bcie przed obiektywem czuli si\u0119 w pe\u0142ni bezpiecznie i po prostu byli sob\u0105.\n\n\t\t\t\t\t<\/p>\n\t\t\t\t\n\t\t\t<\/div>\n\t\t\t\n\t\t<\/div>\n\t\t\t\t\t\t<\/div>\n\t\t\t\t<div class=\"elementor-element elementor-element-38b4ee6a elementor-view-default elementor-position-block-start elementor-mobile-position-block-start elementor-invisible elementor-widget elementor-widget-icon-box\" data-id=\"38b4ee6a\" data-element_type=\"widget\" data-e-type=\"widget\" data-settings=\"{&quot;_animation&quot;:&quot;fadeInUp&quot;,&quot;_animation_delay&quot;:200}\" data-widget_type=\"icon-box.default\">\n\t\t\t\t\t\t\t<div class=\"elementor-icon-box-wrapper\">\n\n\t\t\t\t\t\t<div class=\"elementor-icon-box-icon\">\n\t\t\t\t<span  class=\"elementor-icon\">\n\t\t\t\t<svg aria-hidden=\"true\" class=\"e-font-icon-svg e-fas-bezier-curve\" viewBox=\"0 0 640 512\" xmlns=\"http:\/\/www.w3.org\/2000\/svg\"><path d=\"M368 32h-96c-17.67 0-32 14.33-32 32v96c0 17.67 14.33 32 32 32h96c17.67 0 32-14.33 32-32V64c0-17.67-14.33-32-32-32zM208 88h-84.75C113.75 64.56 90.84 48 64 48 28.66 48 0 76.65 0 112s28.66 64 64 64c26.84 0 49.75-16.56 59.25-40h79.73c-55.37 32.52-95.86 87.32-109.54 152h49.4c11.3-41.61 36.77-77.21 71.04-101.56-3.7-8.08-5.88-16.99-5.88-26.44V88zm-48 232H64c-17.67 0-32 14.33-32 32v96c0 17.67 14.33 32 32 32h96c17.67 0 32-14.33 32-32v-96c0-17.67-14.33-32-32-32zM576 48c-26.84 0-49.75 16.56-59.25 40H432v72c0 9.45-2.19 18.36-5.88 26.44 34.27 24.35 59.74 59.95 71.04 101.56h49.4c-13.68-64.68-54.17-119.48-109.54-152h79.73c9.5 23.44 32.41 40 59.25 40 35.34 0 64-28.65 64-64s-28.66-64-64-64zm0 272h-96c-17.67 0-32 14.33-32 32v96c0 17.67 14.33 32 32 32h96c17.67 0 32-14.33 32-32v-96c0-17.67-14.33-32-32-32z\"><\/path><\/svg>\t\t\t\t<\/span>\n\t\t\t<\/div>\n\t\t\t\n\t\t\t\t\t\t<div class=\"elementor-icon-box-content\">\n\n\t\t\t\t\t\t\t\t\t<h3 class=\"elementor-icon-box-title\">\n\t\t\t\t\t\t<span  >\n\t\t\t\t\t\t\tNaturalno\u015b\u0107 i prawdziwe emocje\t\t\t\t\t\t<\/span>\n\t\t\t\t\t<\/h3>\n\t\t\t\t\n\t\t\t\t\t\t\t\t\t<p class=\"elementor-icon-box-description\">\n\t\t\t\t\t\tNie re\u017cyseruj\u0119 Waszych najwa\u017cniejszych chwil. Dyskretnie towarzysz\u0119 Wam w tle, chwytaj\u0105c szczere u\u015bmiechy, ulotne gesty i autentyczne wzruszenia..\t\t\t\t\t<\/p>\n\t\t\t\t\n\t\t\t<\/div>\n\t\t\t\n\t\t<\/div>\n\t\t\t\t\t\t<\/div>\n\t\t\t\t<div class=\"elementor-element elementor-element-4cb38e15 elementor-view-default elementor-position-block-start elementor-mobile-position-block-start elementor-invisible elementor-widget elementor-widget-icon-box\" data-id=\"4cb38e15\" data-element_type=\"widget\" data-e-type=\"widget\" data-settings=\"{&quot;_animation&quot;:&quot;fadeInUp&quot;,&quot;_animation_delay&quot;:300}\" data-widget_type=\"icon-box.default\">\n\t\t\t\t\t\t\t<div class=\"elementor-icon-box-wrapper\">\n\n\t\t\t\t\t\t<div class=\"elementor-icon-box-icon\">\n\t\t\t\t<span  class=\"elementor-icon\">\n\t\t\t\t<svg aria-hidden=\"true\" class=\"e-font-icon-svg e-fas-bolt\" viewBox=\"0 0 320 512\" xmlns=\"http:\/\/www.w3.org\/2000\/svg\"><path d=\"M296 160H180.6l42.6-129.8C227.2 15 215.7 0 200 0H56C44 0 33.8 8.9 32.2 20.8l-32 240C-1.7 275.2 9.5 288 24 288h118.7L96.6 482.5c-3.6 15.2 8 29.5 23.3 29.5 8.4 0 16.4-4.4 20.8-12l176-304c9.3-15.9-2.2-36-20.7-36z\"><\/path><\/svg>\t\t\t\t<\/span>\n\t\t\t<\/div>\n\t\t\t\n\t\t\t\t\t\t<div class=\"elementor-icon-box-content\">\n\n\t\t\t\t\t\t\t\t\t<h3 class=\"elementor-icon-box-title\">\n\t\t\t\t\t\t<span  >\n\t\t\t\t\t\t\tPonadczasowa \nestetyka\n\t\t\t\t\t\t<\/span>\n\t\t\t\t\t<\/h3>\n\t\t\t\t\n\t\t\t\t\t\t\t\t\t<p class=\"elementor-icon-box-description\">\n\t\t\t\t\t\t\u0141\u0105cz\u0119 delikatno\u015b\u0107 z najwy\u017csz\u0105 dba\u0142o\u015bci\u0105 o detale. Oddaj\u0119 w Wasze r\u0119ce eleganckie, pe\u0142ne \u015bwiat\u0142a kadry, kt\u00f3re b\u0119d\u0105 zachwyca\u0107 niezale\u017cnie od up\u0142ywu lat.\t\t\t\t\t<\/p>\n\t\t\t\t\n\t\t\t<\/div>\n\t\t\t\n\t\t<\/div>\n\t\t\t\t\t\t<\/div>\n\t\t\t\t<div class=\"elementor-element elementor-element-5c192256 elementor-view-default elementor-position-block-start elementor-mobile-position-block-start elementor-invisible elementor-widget elementor-widget-icon-box\" data-id=\"5c192256\" data-element_type=\"widget\" data-e-type=\"widget\" data-settings=\"{&quot;_animation&quot;:&quot;fadeInUp&quot;,&quot;_animation_delay&quot;:400}\" data-widget_type=\"icon-box.default\">\n\t\t\t\t\t\t\t<div class=\"elementor-icon-box-wrapper\">\n\n\t\t\t\t\t\t<div class=\"elementor-icon-box-icon\">\n\t\t\t\t<span  class=\"elementor-icon\">\n\t\t\t\t<svg aria-hidden=\"true\" class=\"e-font-icon-svg e-fas-border-style\" viewBox=\"0 0 448 512\" xmlns=\"http:\/\/www.w3.org\/2000\/svg\"><path d=\"M240 416h-32a16 16 0 0 0-16 16v32a16 16 0 0 0 16 16h32a16 16 0 0 0 16-16v-32a16 16 0 0 0-16-16zm-96 0h-32a16 16 0 0 0-16 16v32a16 16 0 0 0 16 16h32a16 16 0 0 0 16-16v-32a16 16 0 0 0-16-16zm192 0h-32a16 16 0 0 0-16 16v32a16 16 0 0 0 16 16h32a16 16 0 0 0 16-16v-32a16 16 0 0 0-16-16zm96-192h-32a16 16 0 0 0-16 16v32a16 16 0 0 0 16 16h32a16 16 0 0 0 16-16v-32a16 16 0 0 0-16-16zm0 96h-32a16 16 0 0 0-16 16v32a16 16 0 0 0 16 16h32a16 16 0 0 0 16-16v-32a16 16 0 0 0-16-16zm0 96h-32a16 16 0 0 0-16 16v32a16 16 0 0 0 16 16h32a16 16 0 0 0 16-16v-32a16 16 0 0 0-16-16zm0-288h-32a16 16 0 0 0-16 16v32a16 16 0 0 0 16 16h32a16 16 0 0 0 16-16v-32a16 16 0 0 0-16-16zm0-96H32A32 32 0 0 0 0 64v400a16 16 0 0 0 16 16h32a16 16 0 0 0 16-16V96h368a16 16 0 0 0 16-16V48a16 16 0 0 0-16-16z\"><\/path><\/svg>\t\t\t\t<\/span>\n\t\t\t<\/div>\n\t\t\t\n\t\t\t\t\t\t<div class=\"elementor-icon-box-content\">\n\n\t\t\t\t\t\t\t\t\t<h3 class=\"elementor-icon-box-title\">\n\t\t\t\t\t\t<span  >\n\t\t\t\t\t\t\tWsparcie i poczucie bezpiecze\u0144stwa\t\t\t\t\t\t<\/span>\n\t\t\t\t\t<\/h3>\n\t\t\t\t\n\t\t\t\t\t\t\t\t\t<p class=\"elementor-icon-box-description\">\n\t\t\t\t\t\tJestem nie tylko fotografk\u0105, ale i dyskretnym oparciem. Gwarantuj\u0119 profesjonalizm, kt\u00f3ry zdejmuje z Was presj\u0119 i pozwala w pe\u0142ni cieszy\u0107 si\u0119 chwil\u0105.\t\t\t\t\t<\/p>\n\t\t\t\t\n\t\t\t<\/div>\n\t\t\t\n\t\t<\/div>\n\t\t\t\t\t\t<\/div>\n\t\t\t\t<\/div>\n\t\t\t\t\t<\/div>\n\t\t\t\t<\/div>\n\t\t<div data-particle_enable=\"false\" data-particle-mobile-disabled=\"false\" class=\"elementor-element elementor-element-72c21a51 e-con-full e-flex e-con e-parent\" data-id=\"72c21a51\" data-element_type=\"container\" data-e-type=\"container\">\n\t\t\t\t<\/div>\n\t\t\t\t<\/div>\n\t\t","protected":false},"excerpt":{"rendered":"<p>Martyna Lindebna Jestem fotografem, kt\u00f3ry lubi ludzi i z pasj\u0105 zatrzymuje na zdj\u0119ciach prawdziwe emocje. Cze\u015b\u0107, mam na imi\u0119 Martyna. Fotografi\u0105 zajmuj\u0119 si\u0119 od najm\u0142odszych lat \u2013 zaczyna\u0142am na aparatach analogowych, kt\u00f3re towarzysz\u0105 mi do dzi\u015b. Uko\u0144czy\u0142am szko\u0142\u0119 o profilu fotograficznym oraz jestem laureatk\u0105 og\u00f3lnopolskich konkurs\u00f3w fotograficznych, mi\u0119dzy innymi \u201eSzeroki Kadr\u201d. W swojej pracy \u0142\u0105cz\u0119 [&hellip;]<\/p>\n","protected":false},"author":1,"featured_media":0,"parent":0,"menu_order":0,"comment_status":"closed","ping_status":"closed","template":"","meta":{"footnotes":""},"class_list":["post-178","page","type-page","status-publish","hentry"],"_links":{"self":[{"href":"https:\/\/marlinfotografia.pl\/index.php?rest_route=\/wp\/v2\/pages\/178","targetHints":{"allow":["GET"]}}],"collection":[{"href":"https:\/\/marlinfotografia.pl\/index.php?rest_route=\/wp\/v2\/pages"}],"about":[{"href":"https:\/\/marlinfotografia.pl\/index.php?rest_route=\/wp\/v2\/types\/page"}],"author":[{"embeddable":true,"href":"https:\/\/marlinfotografia.pl\/index.php?rest_route=\/wp\/v2\/users\/1"}],"replies":[{"embeddable":true,"href":"https:\/\/marlinfotografia.pl\/index.php?rest_route=%2Fwp%2Fv2%2Fcomments&post=178"}],"version-history":[{"count":10,"href":"https:\/\/marlinfotografia.pl\/index.php?rest_route=\/wp\/v2\/pages\/178\/revisions"}],"predecessor-version":[{"id":668,"href":"https:\/\/marlinfotografia.pl\/index.php?rest_route=\/wp\/v2\/pages\/178\/revisions\/668"}],"wp:attachment":[{"href":"https:\/\/marlinfotografia.pl\/index.php?rest_route=%2Fwp%2Fv2%2Fmedia&parent=178"}],"curies":[{"name":"wp","href":"https:\/\/api.w.org\/{rel}","templated":true}]}}